{"id":25,"date":"2007-03-12T21:14:37","date_gmt":"2007-03-12T20:14:37","guid":{"rendered":"http:\/\/juliajanssen.de\/blog\/datenschutzerklaerung\/"},"modified":"2007-03-12T21:15:30","modified_gmt":"2007-03-12T20:15:30","slug":"datenschutzerklaerung","status":"publish","type":"page","link":"https:\/\/juliajanssen.de\/blog\/datenschutzerklaerung\/","title":{"rendered":"Datenschutzerkl\u00e4rung"},"content":{"rendered":"<p>Ich, Julia Jan\u00dfen, nehme den Schutz Ihrer pers\u00f6nlichen Daten sehr ernst und halte mich in diesem Blog \u201eMein Italien\u201c an die Regeln der Datenschutzgesetze. Die nachfolgende Erkl\u00e4rung gibt Ihnen einen \u00dcberblick dar\u00fcber, welche Art von Daten zu welchem Zweck erhoben werden und in welchem Umfang diese Daten Dritten zug\u00e4nglich gemacht werden.<\/p>\n<h4>Datenverarbeitung auf dem Blog \u201eMein Italien\u201c<\/h4>\n<p>In den unvermeidlichen Serverstatistiken werden automatisch solche Daten gespeichert, die Ihr Browser an mich \u00fcbermittelt. Dies sind:<\/p>\n<ul type=\"disc\">\n<li class=\"MsoNormal\">Browsertyp\/ -version<\/li>\n<li class=\"MsoNormal\">verwendetes Betriebssystem<\/li>\n<li class=\"MsoNormal\">Referrer URL (die zuvor      besuchte Seite)<\/li>\n<li class=\"MsoNormal\">Hostname des zugreifenden      Rechners (IP Adresse)<\/li>\n<li class=\"MsoNormal\">Uhrzeit der Serveranfrage.<\/li>\n<\/ul>\n<p>Diese Daten kann ich in der Regel keinen bestimmten Personen zuordnen. Eine Zusammenf\u00fchrung dieser Daten mit anderen Datenquellen wird nicht vorgenommen, die Daten werden zudem nach einer statistischen Auswertung gel\u00f6scht.<\/p>\n<h4>Cookies<\/h4>\n<p>Das Blog \u201eMein Italien\u201c verwendet keine Cookies.<\/p>\n<h4>Kommentare, Emails<\/h4>\n<p>Selbstverst\u00e4ndlich erfasse und speichere ich solche Informationen, die Sie auf meinem Blog eingeben oder mir in sonstiger Weise \u00fcbermitteln. Das betrifft etwa Kommentare, Namen, Email-Adressen und URLs, die Sie in die entsprechenden Kommentarfelder eintragen. Diese Angaben geschehen freiwillig und werden in keiner Weise \u00fcberpr\u00fcft, die Verwendung von Pseudonymen etc. ist m\u00f6glich. Ich weise darauf hin, dass Name, angegebene Webseite und Kommentare f\u00fcr jeden Benutzer der Seite einzusehen sind.<\/p>\n<p>Daten werden auch erfasst und gespeichert, wenn Sie Emails an mich senden.<\/p>\n<p>Wenn Sie weitere Fragen zur Behandlung Ihrer Daten haben, dann schreiben Sie mir. Meine Adresse finden Sie im Impressum.<\/p>\n<p class=\"MsoNormal\">\n","protected":false},"excerpt":{"rendered":"<p>Ich, Julia Jan\u00dfen, nehme den Schutz Ihrer pers\u00f6nlichen Daten sehr ernst und halte mich in diesem Blog \u201eMein Italien\u201c an die Regeln der Datenschutzgesetze. Die nachfolgende Erkl\u00e4rung gibt Ihnen einen \u00dcberblick dar\u00fcber, welche Art von Daten zu welchem Zweck erhoben werden und in welchem Umfang diese Daten Dritten zug\u00e4nglich gemacht werden. Datenverarbeitung auf dem Blog [&hellip;]<\/p>\n","protected":false},"author":1,"featured_media":0,"parent":0,"menu_order":0,"comment_status":"open","ping_status":"open","template":"","meta":{"footnotes":""},"class_list":["post-25","page","type-page","status-publish","hentry"],"_links":{"self":[{"href":"https:\/\/juliajanssen.de\/blog\/wp-json\/wp\/v2\/pages\/25","targetHints":{"allow":["GET"]}}],"collection":[{"href":"https:\/\/juliajanssen.de\/blog\/wp-json\/wp\/v2\/pages"}],"about":[{"href":"https:\/\/juliajanssen.de\/blog\/wp-json\/wp\/v2\/types\/page"}],"author":[{"embeddable":true,"href":"https:\/\/juliajanssen.de\/blog\/wp-json\/wp\/v2\/users\/1"}],"replies":[{"embeddable":true,"href":"https:\/\/juliajanssen.de\/blog\/wp-json\/wp\/v2\/comments?post=25"}],"version-history":[{"count":0,"href":"https:\/\/juliajanssen.de\/blog\/wp-json\/wp\/v2\/pages\/25\/revisions"}],"wp:attachment":[{"href":"https:\/\/juliajanssen.de\/blog\/wp-json\/wp\/v2\/media?parent=25"}],"curies":[{"name":"wp","href":"https:\/\/api.w.org\/{rel}","templated":true}]}}